s the units digit of j(b)?
1
Let x(p) = 2*p - 2. Let i be x(-2). Let j = i - -14. What is the units digit of j?
8
Suppose 0 = -3*o + 4*o - 3. Let d = o + 2. What is the units digit of d?
5
What is the hundreds digit of (-1 - (-53)/3)*576/80?
1
Let h = 15 + 0. What is the units digit of h?
5
Suppose -4*u = -3*u + 4. Let x(q) be the first derivative of -3*q**2/2 + q + 1. What is the units digit of x(u)?
3
Suppose 4*k - 3 = 5*p - 20, 0 = 5*k + 15. What is the units digit of p?
1
Let m be (-28)/6*(-54)/(-4). Let y = m + 94. What is the units digit of y?
1
What is the units digit of (-1164)/(-36) + 1/(-3)?
2
Suppose 1230 = x - 4*x. What is the tens digit of x/(-14) - (-2)/(-7)?
2
Let y(x) = x**2 + x + 3. Let h be y(0). Suppose -10 = 3*n - 16. Suppose n*v + i + i - 12 = 0, h*v - 22 = -i. What is the units digit of v?
8
Let g = -75 + 107. What is the tens digit of g?
3
Let k be 1/(-4) + 1/4. Suppose 3*b - 3 = -k*b. What is the units digit of b?
1
Let d(q) be the first derivative of q**2/2 - 3*q + 3. Let a = -7 + 12. What is the units digit of d(a)?
2
Let j(o) = o**2 + 2*o + 2. Let v be j(0). Suppose 8 + 50 = v*m. What is the units digit of m?
9
Let u be 76/(-10) - (-12)/(-30). What is the tens digit of (-74)/u - 6/(-8)?
1
Let f be (-1 + 1)*(-1)/(-3). Let m = 9 - f. What is the units digit of m?
9
Suppose 0 = -3*f + 51 + 72. What is the tens digit of f?
4
Let c(o) = o**2 - 2*o. Let h be c(2). Suppose 0*l - 5 = -5*l. What is the units digit of 2 + (l - (h + 2))?
1
Let x = 310 + -84. What is the tens digit of x?
2
Let f(u) = 3*u**3 + 33*u**2 + 10*u - 16. What is the hundreds digit of f(-9)?
3
Suppose -3*g - 3*i = -0*g - 21, -5*i - 37 = -g. Suppose -5*m + 20 = n - 2*n, 3*m - g = -5*n. What is the units digit of m?
4
Suppose 44 = 4*i + 3*n, 3*n = -3*i - n + 26. Let l = i - 6. What is the units digit of l?
8
Let j be 2 + (-2)/2 + -4. Let i be ((-5)/j)/((-3)/(-9)). Suppose -u = -5*a + 2, -i*a + 17 = 4*u - 0*u. What is the units digit of a?
1
Let i(o) = 2*o + 1. Let y be i(1). Suppose 0*q = q + 2*s, y*q = 2*s + 24. What is the units digit of q?
6
Let o = 7 + -2. Let d be ((-48)/(-12))/((-4)/(-14)). Let x = d - o. What is the units digit of x?
9
Let u(d) = -2*d**2 + 5*d + 1. Let z be u(4). Let a = -5 - z. What is the units digit of a?
6
Let u(i) = i**3 + 7*i**2 - 6*i - 7. What is the units digit of u(5)?
3
Let m(a) = -4*a - 13. Let g(u) = -2*u - 7. Let p(y) = 11*g(y) - 6*m(y). Let q be p(2). Suppose 18 = v + q*o, o - 28 + 2 = -3*v. What is the units digit of v?
8
What is the units digit of (-532)/(-10) - ((-20)/(-25))/4?
3
Suppose -4*g = 4*n - 32, 0*g + 2*g + 3*n - 21 = 0. Suppose -g*v - 6 = -39. What is the units digit of v?
1
Let r be (-6)/4*8/(-3). Let m = -1 - -3. Suppose m*v - r = -2*v. What is the units digit of v?
1
Let l(t) = -t**2 + 4*t - 2. Let b be l(2). Suppose b*a + 3 = 9. What is the units digit of a?
3
Let v = 1 - 3. Let t = 6 - v. What is the units digit of t?
8
Suppose 3*p - 3*u - 63 = 0, 0 = -3*p - 2*p + 2*u + 93. What is the tens digit of p?
1
Suppose 5*i + 4*z + 15 = 51, 2*z - 4 = i. Suppose 9 + 7 = i*c. Suppose -5*x + 18 = -u, c*u - x + 11 = 34. What is the units digit of u?
7
Let h(a) = -3*a + 6. Let q be h(4). What is the tens digit of (-2 - 27/q)*4?
1
Suppose -2*m + f + 19 = 0, 5*m - f - 20 = -4*f. Suppose 2*o - 11 = m. Let y = -6 + o. What is the units digit of y?
3
Suppose -12 = -4*h - 0. Let m be -2*h/(-6) - -3. Suppose m*g - 47 = -3. What is the units digit of g?
1
Suppose 4*r + 527 = -4*m + 1591, -286 = -m + 4*r. What is the tens digit of m?
7
Let n(m) = -3*m - 8. Let t be n(-4). Suppose 108 = t*a + 4*i, -5*a + 3*i + 136 = -a. What is the units digit of a?
1
Suppose 2*r - 62 = r. What is the units digit of r?
2
Let t(x) = 8*x**3 + 2*x - 1. Let o be t(1). Let f = 16 + o. What is the units digit of f?
5
Let p(f) = -f**3 + 9*f**2 - 3*f - 8. What is the tens digit of p(8)?
3
Suppose -5*u + 19 + 4 = 2*i, 5*u = i + 11. Let n be i/10 - 429/(-15). Let b = -21 + n. What is the units digit of b?
8
Let f(g) = g**2 + 5*g - 1. Let u be f(-4). Let v = 4 + u. Let k = 9 + v. What is the units digit of k?
8
Suppose -8*s + 1319 + 681 = 0. What is the tens digit of s?
5
Suppose 5*v - 2*v = 6. Suppose 4*p + 2*i + 2*i - 52 = 0, -2*p + 4*i + v = 0. What is the units digit of p?
9
Let z(o) = -o**2 + 7*o + 4. Let g be z(8). Let k = g - -16. What is the tens digit of k?
1
Suppose -5*n + 11 = -14. Let z(w) = -w**2 + 4*w + 14. Let q be z(6). Suppose 0 = n*b - 5*k - 65, -q*b + 25 = -2*k - k. What is the units digit of b?
4
Let f(p) = 2*p**2 + 2*p + 2. Let z be f(-4). Suppose 8 + 148 = 4*v. Let i = v - z. What is the units digit of i?
3
Let y(b) = b**3 + 8*b**2 + 6*b - 7. Let s be y(-7). Let k(x) = -x**3 + x. Let g be k(s). What is the units digit of (2 - (-6 + g)) + 0?
8
Let q(b) = 13*b**2 + 4*b - 4. What is the units digit of q(2)?
6
Let j(m) = -m**2 - 15*m - 14. Let t be j(-14). Suppose -5*r + r + 68 = t. What is the tens digit of r?
1
Let d be 1/2*(-1 - 7). What is the tens digit of 82/8 + (-3)/d?
1
Suppose -1 - 5 = -2*k. Let f(a) = 5*a**2 - 2*a**2 - 3 - 2*a**2. What is the units digit of f(k)?
6
Suppose -3*w + 3*z = -18, 6*z + 22 = 4*w + 3*z. Suppose 5*c = -4*v + 200, -w*c = v - 113 - 47. What is the units digit of c?
0
Let b be (-14)/18 + (-16)/72. Let t be 3/6 + b/2. Let f(z) = z**3 - z**2 + 1. What is the units digit of f(t)?
1
Let d(f) = f - 3. Let s be d(6). Suppose -n + 15 = h, -s*h + 0*h = 15. What is the units digit of n?
0
Suppose 0 = 4*n - 3*n + 4. What is the tens digit of ((-2)/n)/(2/40)?
1
Suppose -3*o = -p + 3*p - 19, 2*o = 6. Suppose p*q - 7 = 8. What is the units digit of q?
3
Suppose 9*s - 1355 - 1489 = 0. What is the hundreds digit of s?
3
Let h = -399 - -732. What is the tens digit of h?
3
Let n(a) = a**3 - 5*a**2 + a - 8. What is the units digit of n(6)?
4
Let n(o) = -o**2 + 7*o + 6. Let t be ((-1)/(-3))/(1/21). Let h(m) = m**2 - 7*m - 6. Let a(r) = t*h(r) + 6*n(r). What is the units digit of a(8)?
2
Suppose 4*n = 4*s + 252, -4*n - s = -0*s - 267. What is the tens digit of n?
6
Let c(y) = 6 - 3*y - 5 + y. Let s be c(-7). Let i = 0 + s. What is the tens digit of i?
1
Suppose -3*f - f = 12. What is the units digit of 3 - f/(0 + 3)?
4
Let n = -2462 - -4074. What is the tens digit of (-2)/(-9) - n/(-117)?
1
Let w be (6/(-4))/((-1)/10). Let l be (24/30)/(2/125). Suppose w = -5*s + l. What is the units digit of s?
7
Let f(p) = -8*p**3 - 2*p**2 + 1. Let i = -2 - -1. What is the units digit of f(i)?
7
Let a(x) = 2*x**2 - 5*x + 5. Let n be a(7). Suppose -y = 4, -3*v + 0*v + n = -5*y. What is the tens digit of v?
1
Let i(z) = -z**3 - z**2 + z + 3. Let s be i(0). Suppose -22 + 7 = -s*p. What is the units digit of p?
5
Suppose -n = 4*j - 18, n + 3*j = -0*n + 14. Suppose 16 - 46 = -n*h. What is the units digit of h?
5
Let b(m) = -8*m - 9. What is the units digit of b(-8)?
5
Suppose -7 = -2*f + 3. Suppose 2*a = g + 8, -2*g - f*a + 7 = -4. What is the units digit of 6*3*(-1)/g?
9
Let y(c) be the second derivative of -c**3/6 + 5*c**2/2 - c. Let b be y(4). What is the units digit of b - (0 - -5)*-1?
6
Suppose 2*l + 0*m - 68 = m, -2*l - 3*m + 84 = 0. What is the units digit of l?
6
What is the tens digit of 44 + (-3)/((-3)/(-4))?
4
Let l(v) = v + 3. Let i be l(-4). Let g be (5 - (-1 + i))*4. Suppose g = 5*a - b, 2*a + 5*b = -0*a + 22. What is the units digit of a?
6
Let f(a) = 2*a**2 - 23*a - 49. What is the hundreds digit of f(21)?
3
Let w(b) = -b - 7. Let j be w(-8). Let g be (j + 3)*15/(-20). Let a = g - -8. What is the units digit of a?
5
Let q = 126 - 21. What is the units digit of q?
5
Suppose 20 = -l + 6*l. Let z = 4 - -1. Let k = z - l. What is the units digit of k?
1
Let q be 2/(-9) + (-14)/18. Let r = -5 + 13. What is the units digit of q/4 - (-26)/r?
3
Let y(p) = 22*p**3 + p**2 - p. What is the units digit of y(1)?
2
Suppose -5*s - 12 + 37 = 0. Suppose 2*q + s = 25. What is the units digit of q?
0
Let l be (-2 - -1)/((-9)/864). What is the tens digit of (l/21 - 2)*7?
1
Let m = -108 - -119. What is the tens digit of m?
1
Suppose -4*d - 6 = v, -5*v - 102 = -d - 3*d. What is the units digit of (-3)/v*2*3?
1
Let p(t) = t**2 - 6*t + 4. Let o = 16 - 8. What is the units digit of p(o)?
0
Suppose w = 5*w + 2*f - 28, 5*f = 2*w - 14. Let x(r) = -